ctors of 15842.
2, 89
What are the prime factors of 416227?
7, 97, 613
What are the prime factors of 6559369?
6559369
List the prime factors of 7456061.
7456061
List the prime factors of 2613200.
2, 5, 47, 139
List the prime factors of 308002.
2, 154001
What are the prime factors of 600961?
600961
List the prime factors of 40515.
3, 5, 37, 73
What are the prime factors of 14125896?
2, 3, 196193
What are the prime factors of 2453792?
2, 11, 6971
What are the prime factors of 695274?
2, 3, 115879
What are the prime factors of 189447?
3, 63149
What are the prime factors of 424525?
5, 16981
What are the prime factors of 1627002?
2, 3, 13, 17, 409
List the prime factors of 96485.
5, 23, 839
List the prime factors of 951352.
2, 109, 1091
List the prime factors of 512555.
5, 23, 4457
What are the prime factors of 1204494?
2, 3, 367, 547
List the prime factors of 391543.
151, 2593
List the prime factors of 15419.
17, 907
List the prime factors of 1073928.
2, 3, 29, 1543
List the prime factors of 487985.
5, 17, 5741
What are the prime factors of 30834732?
2, 3, 71, 36191
What are the prime factors of 591151?
11, 61, 881
What are the prime factors of 153357?
3, 17, 31, 97
What are the prime factors of 1357648?
2, 53, 1601
List the prime factors of 6282348.
2, 3, 41, 113
What are the prime factors of 1021421?
19, 53759
What are the prime factors of 2580610?
2, 5, 258061
List the prime factors of 394323.
3, 131441
List the prime factors of 198430.
2, 5, 19843
List the prime factors of 476966.
2, 7, 31, 157
List the prime factors of 119095.
5, 23819
List the prime factors of 2243941.
7, 320563
List the prime factors of 7978824.
2, 3, 7, 1759
List the prime factors of 302740.
2, 5, 15137
List the prime factors of 7505691.
3, 2501897
What are the prime factors of 10093614?
2, 3, 17, 5821
What are the prime factors of 1362648?
2, 3, 7, 8111
What are the prime factors of 19118253?
3, 7, 11, 82763
List the prime factors of 3640807.
3640807
List the prime factors of 801224.
2, 100153
What are the prime factors of 10616971?
47, 397, 569
List the prime factors of 5863736.
2, 732967
List the prime factors of 775796.
2, 7, 103, 269
What are the prime factors of 1490074?
2, 745037
List the prime factors of 10087497.
3, 7, 17791
List the prime factors of 307963.
223, 1381
What are the prime factors of 311012?
2, 13, 5981
What are the prime factors of 15899489?
47, 338287
List the prime factors of 13037211.
3, 11, 19, 29, 239
What are the prime factors of 13608181?
13608181
List the prime factors of 897901.
599, 1499
List the prime factors of 323196.
2, 3, 23, 1171
List the prime factors of 567026.
2, 509, 557
List the prime factors of 212806.
2, 11, 17, 569
What are the prime factors of 5178383?
7, 193, 3833
What are the prime factors of 564052?
2, 23, 6131
List the prime factors of 654821.
654821
List the prime factors of 231321.
3, 83, 929
What are the prime factors of 63114?
2, 3, 67, 157
List the prime factors of 764198.
2, 23, 37, 449
List the prime factors of 9408447.
3, 348461
What are the prime factors of 4468410?
2, 3, 5, 131, 379
What are the prime factors of 278240?
2, 5, 37, 47
List the prime factors of 996956.
2, 41, 6079
What are the prime factors of 1871344?
2, 116959
List the prime factors of 16655598.
2, 3, 308437
What are the prime factors of 291442?
2, 145721
What are the prime factors of 453415?
5, 29, 53, 59
List the prime factors of 7959241.
7959241
List the prime factors of 13233869.
11, 31, 197
What are the prime factors of 1441249?
23, 223, 281
What are the prime factors of 669179?
7, 95597
List the prime factors of 1102003.
7, 157429
What are the prime factors of 1452528?
2, 3, 7, 11, 131
What are the prime factors of 380114?
2, 7, 19, 1429
What are the prime factors of 378726?
2, 3, 17, 47, 79
List the prime factors of 35759915.
5, 7151983
List the prime factors of 2052600.
2, 3, 5, 11, 311
List the prime factors of 317624.
2, 39703
What are the prime factors of 761585?
5, 11, 61, 227
List the prime factors of 273004.
2, 131, 521
What are the prime factors of 3315005?
5, 663001
What are the prime factors of 551975?
5, 22079
What are the prime factors of 2148?
2, 3, 179
What are the prime factors of 9614436?
2, 3, 13, 61631
List the prime factors of 25914975.
3, 5, 345533
List the prime factors of 554458.
2, 19, 14591
What are the prime factors of 4228247?
4228247
List the prime factors of 1581016.
2, 229, 863
What are the prime factors of 21867974?
2, 19, 575473
List the prime factors of 451533.
3, 41, 3671
What are the prime factors of 1789949?
7, 37, 6911
What are the prime factors of 334204?
2, 13, 6427
List the prime factors of 37410668.
2, 1297, 7211
List the prime factors of 2274820.
2, 5, 107, 1063
What are the prime factors of 9638274?
2, 3, 1606379
What are the prime factors of 24619539?
3, 7, 61, 19219
What are the prime factors of 663058?
2, 11, 30139
List the prime factors of 516614.
2, 7, 36901
What are the prime factors of 539033?
11, 49003
What are the prime factors of 600946?
2, 269, 1117
What are the prime factors of 591638?
2, 295819
List the prime factors of 1643719.
7, 11, 21347
List the prime factors of 226894.
2, 41, 2767
What are the prime factors of 34298?
2, 11, 1559
List the prime factors of 155206.
2, 71, 1093
What are the prime factors of 1781181?
3, 197909
List the prime factors of 556900.
2, 5, 5569
What are the prime factors of 509323?
151, 3373
What are the prime factors of 121390?
2, 5, 61, 199
What are the prime factors of 3535050?
2, 3, 5, 23567
List the prime factors of 518734.
2, 433, 599
What are the prime factors of 1605525?
3, 5, 21407
List the prime factors of 5838473.
653, 8941
What are the prime factors of 3959050?
2, 5, 79181
What are the prime factors of 11900106?
2, 3, 661117
List the prime factors of 17508.
2, 3, 1459
What are the prime factors of 182926?
2, 91463
What are the prime factors of 10157657?
2767, 3671
What are the prime factors of 78084?
2, 3, 241
What are the prime factors of 1442166?
2, 3, 11, 21851
What are the prime factors of 185161?
185161
What are the prime factors of 525265?
5, 13, 8081
List the prime factors of 181725.
3, 5, 2423
What are the prime factors of 1057730?
2, 5, 19, 293
What are the prime factors of 861745?
5, 19, 47, 193
What are the prime factors of 89814?
2, 3, 14969
What are the prime factors of 14504694?
2, 3, 1531, 1579
What are the prime factors of 184331?
7, 17, 1549
What are the prime factors of 1687674?
2, 3, 281279
List the prime factors of 62770.
2, 5, 6277
List the prime factors of 514006.
2, 257003
List the prime factors of 2265328.
2, 13, 10891
List the prime factors of 8359240.
2, 5, 17, 19, 647
List the prime factors of 8701389.
3, 41, 23581
List the prime factors of 706523.
706523
What are the prime factors of 16623709?
16623709
List the prime factors of 877618.
2, 7, 62687
List the prime factors of 1006208.
2, 7, 1123
List the prime factors of 7722655.
5, 97, 15923
List the prime factors of 5536768.
2, 5407
What are the prime factors of 2720137?
7, 43, 1291
What are the prime factors of 23775608?
2, 37, 47, 1709
What are the prime factors of 110754?
2, 3, 7, 293
List the prime factors of 8454346.
2, 59, 71647
List the prime factors of 11102537.
23, 482719
List the prime factors of 2671150.
2, 5, 41, 1303
What are the prime factors of 605053?
43, 14071
List the prime factors of 402577.
7, 17, 199
List the prime factors of 460710.
2, 3, 5, 5119
What are the prime factors of 712725?
3, 5, 13, 17, 43
What are the prime factors of 1546112?
2, 47, 257
List the prime factors of 1425521.
1425521
List the prime factors of 1541491.
7, 163, 193
List the prime factors of 125665.
5, 41, 613
What are the prime factors of 8844280?
2, 5, 127, 1741
What are the prime factors of 136702?
2, 68351
List the prime factors of 187757.
359, 523
List the prime factors of 53325.
3, 5, 79
List the prime factors of 304180.
2, 5, 67, 227
What are the prime factors of 10876?
2, 2719
List the prime factors of 7613831.
7613831
List the prime factors of 406810.
2, 5, 17, 2393
What are the prime factors of 359299?
359299
What are the prime factors of 330201?
3, 19, 1931
What are the prime factors of 6342449?
211, 30059
What are the prime factors of 261726?
2, 3, 181, 241
L